2 + 9*f - 3. Calculate a(r).
-21
Suppose -d = -0*d - 2*a - 11, -2*d + 36 = 3*a. Suppose -d*j = -14*j. Let c(y) = j + y - 4 - 2. What is c(3)?
-3
Suppose j - 16 = 1. Suppose 3*c + j + 2 = 2*f, -5*f + 37 = -4*c. Let v(b) = 2*b**2 + 4*b + 1. Give v(c).
7
Let s(n) = -2*n + 6. Let o(i) = i**3 + 7*i**2 - i + 8. Let w be o(-7). Suppose 0 = -3*l - w, 0 = p + 3*l - 2*l - 1. Determine s(p).
-6
Let f(y) be the second derivative of y**6/360 - y**5/24 - y**4/4 - y**3 - 8*y. Let k(o) be the second derivative of f(o). What is k(7)?
8
Let y(d) = 7*d + 7. Let m(t) = -1. Let n(o) = 6*m(o) + y(o). Suppose 0 = 4*v - 4*h - 20, -3*v + 3 = 3*h - 2*h. Suppose 2*f - v = -4. Give n(f).
-6
Let o(r) = -r**3 + 12*r**2 + 8*r - 8. Let y(w) = -w**3 + 11*w**2 + 7*w - 8. Let d(g) = 3*o(g) - 4*y(g). Suppose 0 = 803*q - 797*q - 48. Give d(q).
-24
Let c(q) = -q**3 - 4*q**2 - q + 4. Let k(v) = 2*v**3 + 4*v**2 + 9*v + 14. Let f be k(-2). Give c(f).
8
Let g(n) be the first derivative of -5*n**3/3 + 3*n**2/2 - n + 157. Determine g(2).
-15
Let g(h) = 23*h + 16. Let q(w) = -16*w - 11. Let u(y) = -5*g(y) - 7*q(y). What is u(-3)?
6
Suppose -r - 155 = 30*r. Let f(w) = -6*w - 7. Give f(r).
23
Let u(g) = -g**2 - g + 10. Let r be u(-5). Let z(w) = w + 14. Let b be z(r). Let o(y) = -y + 3. Give o(b).
-1
Let j(z) be the third derivative of -z**4/8 + 7*z**3/3 - 13*z**2. Let q be (-6 + 1)*(-90)/75. Calculate j(q).
-4
Let a(v) = -6*v**2 - 8*v + 23. Let b(y) = -5*y**2 - 8*y + 21. Let q(s) = -4*a(s) + 5*b(s). Determine q(-10).
-7
Let r be (-16)/7 + 28/98. Let h be r*1/2 + 3. Let n(j) = -13*j + j**h + 18*j + 3 - 4. Calculate n(-5).
-1
Let r(i) = 2*i + 7 + 6 - 3*i - 7. Suppose 0 = 4*g + 20 - 40. Give r(g).
1
Let h(n) = 16*n + 21. Let o(j) = -3*j - 4. Let l(c) = -2*h(c) - 11*o(c). What is l(-6)?
-4
Let s be (5 + -2 - 4) + 5. Let x = 6 - s. Let j(v) = 10*v - 9*v - 4*v. Determine j(x).
-6
Let r(g) = 4 + 3 + 2 + 5*g - 11. What is r(-5)?
-27
Suppose 5*b - b + 51 = -5*j, 2*j - 4*b = 2. Let z(a) = 3*a + 1. Give z(j).
-20
Let k be 4/(-14) - 69/21*-1. Let q(n) = 1 + 6*n**2 + 20*n**3 - 21*n**k - n - n**2. Determine q(3).
16
Let a(j) = -2*j**2 - 11*j + 7. Suppose 4*w = -0*w - 4*f - 24, -5*f - 6 = w. Let l be a(w). Let t(p) = p - 3*p**2 - 5*p**2 + 0*p**2. Calculate t(l).
-7
Suppose 0 = -4*v - 12. Let g = v - -6. Let z(w) = -2*w**3 - 5*w**2 - 7*w + 4. Let a(n) = 5*n**3 + 11*n**2 + 15*n - 8. Let m(i) = -3*a(i) - 7*z(i). Give m(g).
-1
Let i = -253 - -254. Let h(t) be the first derivative of -2*t + i - 3/2*t**2 + 5/3*t**3 + 1/4*t**4. Determine h(-5).
13
Let r(k) = k**3 - k. Suppose 0 = -5*s + j - 3, s + 0 + 12 = 4*j. Suppose -w + 2*w - 1 = s. Give r(w).
0
Let y(z) be the second derivative of -z**5/20 + 3*z**4/4 + z**3/6 - 3*z**2 + 6*z. Let s be y(9). Let g(b) = 4 - 4 - 2 + s*b + b**2. Give g(2).
8
Let r(j) = -3*j**3 + 37*j**2 - 13*j + 12. Let d be r(12). Let a(k) = k**3 - 2*k + 2. What is a(d)?
2
Let a(u) = -2*u**2 + 5*u - 334 - u**2 + 168 + 4*u**2 + 172. What is a(-5)?
6
Let f be -1*31*5/(-5). Let z = 44 - f. Let h(b) = z - 4 - b + 2 - 8. What is h(-3)?
6
Let v = 3 - 3. Suppose 3*w + 21 + 3 = v. Let q(i) be the second derivative of i**5/20 + 7*i**4/12 - 7*i**3/6 + 5*i**2/2 + 208*i. Calculate q(w).
-3
Suppose 0 = -x - 2 + 6. Suppose g + g + 17 = -3*p, 24 = -x*g - 4*p. Let o(d) = 3*d**3 + d**2 + 2*d + 1. Give o(g).
-3
Let d(q) be the third derivative of q**5/30 + 7*q**3/3 + 13*q**2. Let t(b) be the first derivative of d(b). What is t(1)?
4
Suppose 31*b + 37 + 25 = 0. Let x(g) = 16*g + 1. Determine x(b).
-31
Let r(a) = 2 + 0 - a + 3. Calculate r(-8).
13
Let u(g) = 3*g**3 - 4*g**2 - 6*g - 7. Let x(w) = w**2 - 9*w + 4. Let a be x(9). Let q(r) = r**3 - r - 1. Let y(c) = a*q(c) - u(c). Give y(-2).
7
Suppose 41*x = 9*x - 96. Let w(i) = 2*i**2 + 2*i - 6. Calculate w(x).
6
Let y(h) = 9 + 4*h - 35*h + 17*h + 10*h. Give y(3).
-3
Let f = 25 + -22. Suppose 0 = 20*v - 19*v - f. Let h(t) = t**3 - 4*t**2 + 3*t + 1. Determine h(v).
1
Let b(p) = 261*p - 511*p + 251*p - 6. Determine b(0).
-6
Let y(x) = 4*x**3 - x. Let i(f) = -f - 7. Let d(h) = -h - 7. Let c be ((-5)/(15/(-12)))/1. Let g(p) = c*i(p) - 5*d(p). Let s be g(-8). Give y(s).
-3
Let w = -1464 + 1458. Let z(q) = -q**2 - 7*q + 3. What is z(w)?
9
Let s(c) = -93*c**2. Let i be s(-1). Let l = -89 - i. Let d(w) = -w**3 + 5*w**2 - 3. Calculate d(l).
13
Let h(k) = -3*k + 13. Suppose -3*f + 28 = -5. Determine h(f).
-20
Let y(c) = -c. Let i = 8 - 6. Suppose 2*j - 14 = f + f, i*f - 4 = -4*j. Calculate y(j).
-3
Let v(f) = -2*f**3 + 7*f**2 - 5*f + 1. Let b(i) = 3*i**3 - 10*i**2 + 7*i - 1. Let l(t) = -5*b(t) - 7*v(t). Determine l(0).
-2
Let k be (1/(-2))/(4/40). Let s(t) = -t + 4. Calculate s(k).
9
Let s(u) = 2*u**2 + 12*u + 3. Let a be s(-5). Let w(z) = -z**2 - 7*z + 7. Give w(a).
7
Let l(v) = -4*v - 10. Let q = -1478 + 1475. What is l(q)?
2
Let o(s) = -s**3 + 9*s**2 + 4. Let l be o(9). Let y(f) = l + f + 6 - 2 - 5. What is y(6)?
9
Let l be -6*4 + 2 - 1. Let t = -31 - l. Let v = 0 - t. Let j(c) = -c**2 + 7*c + 8. What is j(v)?
0
Let o(y) = -10*y - 37. Let v be o(-3). Let d(b) = 3*b - 5*b + 3*b + 7. Determine d(v).
0
Let t(f) = -4*f**2 - 7*f - 7. Let s(g) = 5*g**2 + 7*g + 8. Let d = -16 + 19. Let l(z) = d*s(z) + 4*t(z). Calculate l(-6).
2
Let y(b) = -b**3 + 7*b + 11. Let u be y(-2). Let t(h) = 11 - 16 + 7 + u*h. What is t(2)?
12
Let f(c) = 3*c**3 - c**3 + 19 - 17 + 14*c + 2*c**2 - c**3 + 7*c**2. What is f(-7)?
2
Let w(d) = -2*d + 3. Let g(v) = v**3 - 9*v**2 - 3*v - 62. Let y be g(10). Give w(y).
-13
Let q(z) = -z + 7. Let t(h) = -11*h**2 - 2*h - 1. Let b be t(-2). Let d = 44 + b. Calculate q(d).
4
Let s(l) = -2*l + 3. Let b be (18/10)/((-1)/(-15)). Suppose 2*m + 2*o = -3*m - b, 5*m + 5*o = -30. Give s(m).
13
Let s(p) be the first derivative of 5*p**2/2 + 10*p + 74. Calculate s(-4).
-10
Let g(f) = 2*f**2 + f + 1. Let i be g(-2). Let w(h) = -6*h + h**3 + 14*h**2 + 0*h**2 - i + 17*h + h. What is w(-13)?
6
Let i(c) = -5*c**2 - 12*c - 12. Let o(b) = -7*b**2 - 13*b - 12. Let l(h) = -3*i(h) + 2*o(h). Give l(-8).
-4
Let v(w) = 4 - 15*w**2 + 9*w**2 - 11*w + 5*w**2 + 5. Determine v(-9).
27
Let t(h) = -4*h**2 + h - 2. Suppose 0 = 7*w - 4*w + 2*m - 3, 4*w - 5*m - 4 = 0. Calculate t(w).
-5
Let x(g) = g**3 - 3*g**2 - g. Suppose 6*y - 1070 = -1052. Give x(y).
-3
Let t(q) = q**3 - 2*q**2 + q. Let s be ((-7)/(-3))/((-693)/54 - -14). What is t(s)?
2
Let r(m) = 6*m + 1. Let w(s) = 7*s. Let f(i) = -4*r(i) + 3*w(i). Let y(o) = o - 9. Let c be y(6). Let h be 2/7 + (153/(-21) - c). Determine f(h).
8
Let v be (3/6)/((-1)/(-2)). Let c(d) = -3*d - 9. Let r(y) = 3. Let b(k) = -c(k) - 3*r(k). Give b(v).
3
Let y(n) = -n**3 - 2*n**2 + 4*n. Suppose -4*c - 5*s - 12 = -10*s, 3*c - 2*s + 9 = 0. What is y(c)?
-3
Let d(b) be the first derivative of b**3/6 + 2*b**2 + 10*b + 3. Let v(t) be the first derivative of d(t). What is v(-7)?
-3
Let p(m) = -10*m**3 + 22*m**2 + 22*m + 19. Let h(j) = -3*j**3 + 7*j**2 + 7*j + 6. Let a(k) = -7*h(k) + 2*p(k). Let v = -3 - -9. What is a(v)?
2
Let a(b) be the first derivative of b**4/4 + 5*b**3/3 - 4*b + 6. Let w be ((-16)/(-6))/(14/(-21)). What is a(w)?
12
Let y = -3 + 5. Let a(d) = y + 2*d - d + d**2 + 3*d. Suppose -11*r + 10*r = -q + 2, 0 = 3*q. Give a(r).
-2
Let a be (-3)/((0 + 10)/10). Let i(h) = -h**2 + 4*h + 5. What is i(a)?
-16
Let a(p) = -p + 1. Suppose -8*i + 60 = -3*i. Let o = i + -13. Let f(l) = -2*l - 2. Let w(y) = o*f(y) + 3*a(y). Give w(3).
2
Let i(a) = -236*a - 27. Let s(z) = -71*z - 9. Let w(l) = -3*i(l) + 10*s(l). Suppose 18 = t - 4*t. Determine w(t).
3
Let s(l) be the first derivative of l**6/120 + 2*l**5/15 - l**4/24 - 7*l**3/6 + 5*l**2 + 12. Let q(m) be the second derivative of s(m). Give q(-8).
1
Let z(u) = u**3 - 3 + 0*u - 58*u**2 - 4*u**3 + 118*u**2 - 2*u - 61*u**2. Calculate z(-2).
21
Let r(z) = z**3 + 2*z**2 - 5*z - 7. Let m be r(-2). Suppose 9 = 3*t + 4*i + m, 0 = t + i - 1. Let n(d) = 2*d + 1. Give n(t).
-3
Let o be (-168)/20*((-500)/(-35))/(-10). Let c(m) = m - 9. What is c(o)?
3
Let c(v) be the second derivative of -v**5/20 - 5*v**4/3 - 7*v**3/2 - 22*v**2 + 286*v. Determine c(-19).
-6
Let d(p) = p**3 - 4*p**2 - 6*p + 8. Let v be d(5). Suppose 0 = 2*a - 4*w + 8, a = -3*a + v*w - 11. Let f(h) = -2*h**3 - 2*h**2 - 2. Determine f(a).
6
Let u = -219 - -213. Let m